
-92
In base 6, what is 105 + 11?
120
In base 13, what is -1 + 77?
76
In base 15, what is -4a3 - -3?
-4a0
In base 12, what is 13 + 0?
13
In base 3, what is -221001 - -2?
-220222
In base 9, what is -105 + -2?
-107
In base 10, what is -1 + -5?
-6
In base 7, what is -4 + 1633?
1626
In base 7, what is -1643 + -14?
-1660
In base 14, what is -20 + 1d?
-1
In base 7, what is -21 + -13?
-34
In base 12, what is -21 - 47?
-68
In base 13, what is 3 + -623?
-620
In base 9, what is -76 - -27?
-48
In base 9, what is 536 + 83?
630
In base 11, what is 5 - -184?
189
In base 11, what is 29a + -26?
274
In base 3, what is -112001 + -2?
-112010
In base 4, what is 2 + 101?
103
In base 3, what is -110 + 2210?
2100
In base 14, what is -12 - 649?
-65b
In base 12, what is -1 + 12b?
12a
In base 4, what is 301 - 21?
220
In base 6, what is -1522 + 0?
-1522
In base 2, what is -100000000101 - 11?
-100000001000
In base 13, what is -b1 + -2?
-b3
In base 13, what is 207 + 2?
209
In base 9, what is 5 + -16?
-11
In base 16, what is 8b + 3?
8e
In base 4, what is -11 + 13300?
13223
In base 11, what is 1 + -325?
-324
In base 8, what is -12 + -47?
-61
In base 5, what is 1234 - 4?
1230
In base 7, what is 101 - -434?
535
In base 15, what is -1873 - -3?
-1870
In base 7, what is -20 + -3103?
-3123
In base 16, what is -105 + 2?
-103
In base 9, what is -5 - -61?
55
In base 5, what is -1333330 - -4?
-1333321
In base 3, what is 2 - -10210?
10212
In base 5, what is -1141 + 200?
-441
In base 13, what is -3 - 58c?
-592
In base 15, what is -1b - 17?
-33
In base 5, what is 22 + -40?
-13
In base 9, what is 0 + 157?
157
In base 3, what is -20 - 121?
-211
In base 2, what is 10010001100101 - 11?
10010001100010
In base 13, what is -b - -37?
29
In base 4, what is -13 + -1100?
-1113
In base 16, what is ce + 3?
d1
In base 2, what is -101 - -11010?
10101
In base 6, what is -352 - -3?
-345
In base 7, what is -441 - 3?
-444
In base 16, what is -dd - -5?
-d8
In base 7, what is -6 - 23?
-32
In base 11, what is 4 + -72?
-69
In base 5, what is 2 - 1032?
-1030
In base 10, what is -4 + -33?
-37
In base 2, what is -1011111 - -1000?
-1010111
In base 11, what is 3489 - -5?
3493
In base 2, what is -1110100010 - -1?
-1110100001
In base 15, what is 25 + -15?
10
In base 11, what is -1327 + -3?
-132a
In base 5, what is 1 - 34?
-33
In base 11, what is 4 - 446?
-442
In base 6, what is 0 + 101?
101
In base 8, what is 125 + -116?
7
In base 8, what is 12630 - -2?
12632
In base 13, what is c9b + 1?
c9c
In base 12, what is -5 + 18a3?
189a
In base 11, what is 418 - 3?
415
In base 3, what is 0 + 100?
100
In base 4, what is -1232 - -1?
-1231
In base 10, what is 2 + 24?
26
In base 13, what is 4 - 31?
-2a
In base 12, what is 29b2 + 5?
29b7
In base 9, what is 77 - -227?
315
In base 14, what is c - -2a?
38
In base 5, what is -14 - -110?
41
In base 2, what is 111100100011 + 100?
111100100111
In base 2, what is -10101011011 + -101?
-10101100000
In base 6, what is -1 + -4101?
-4102
In base 12, what is 191 - -5?
196
In base 10, what is 392 - -40?
432
In base 15, what is -4 - -c51?
c4c
In base 8, what is 0 - 144?
-144
In base 4, what is -131 - -10?
-121
In base 13, what is 71 - 3?
6b
In base 9, what is 3 - 100?
-86
In base 2, what is -1000000000 - -101?
-111111011
In base 7, what is -12 - -251?
236
In base 16, what is 2 + -16e?
-16c
In base 14, what is 3 - 18?
-15
In base 9, what is 503 - 7?
485
In base 12, what is 292 + 0?
292
In base 5, what is 111120 - 1?
111114
In base 6, what is 445412 - -3?
445415
In base 12, what is 723 + -3?
720
In base 2, what is -110 - 111000100?
-111001010
In base 9, what is -5 - 503?
-508
In base 13, what is -8 - -8?
0
In base 9, what is 20 - -65?
85
In base 13, what is -1aa - -a?
-1a0
In base 11, what is 38 - -227?
264
In base 9, what is 1531 + 5?
1536
In base 11, what is -5 + -5399?
-53a3
In base 13, what is c - -15?
24
In base 10, what is 12348 - 0?
12348
In base 15, what is d440 - 1?
d43e
In base 4, what is 10 - 100?
-30
In base 3, what is -2 - 11101?
-11110
In base 9, what is -1 + 6?
5
In base 7, what is 202 - 1?
201
In base 3, what is -1122 - 2120?
-11012
In base 11, what is 15a3a - 2?
15a38
In base 10, what is -1 + -203?
-204
In base 8, what is 110 + -17?
71
In base 14, what is 4 - a4a?
-a46
In base 8, what is 4 - 363?
-357
In base 15, what is -272 + -5?
-277
In base 5, what is 4 - 3024?
-3020
In base 9, what is 5 - -1?
6
In base 11, what is 1625 + 0?
1625
In base 16, what is -b37 + 1?
-b36
In base 9, what is -25 - -7?
-17
In base 4, what is 2 - -1023030?
1023032
In base 2, what is 11000 + -1100?
1100
In base 7, what is -2 - 214?
-216
In base 6, what is -122453 + 4?
-122445
In base 5, what is 11431 - -2?
11433
In base 15, what is -bc3 + 4?
-bbe
In base 14, what is 17 + 2?
19
In base 3, what is 10 - 1202?
-1122
In base 13, what is 0 - 158?
-158
In base 7, what is 3 - 51?
-45
In base 7, what is 256 + 5?
264
In base 9, what is -3 + -762?
-765
In base 11, what is -2 + 460?
459
In base 4, what is 122 + 12?
200
In base 9, what is -4 - -8587?
8583
In base 16, what is -e30 + -2?
-e32
In base 9, what is -171 - -3?
-167
In base 5, what is -2 - 12?
-14
In base 11, what is -289 - 0?
-289
In base 11, what is -15 - 5?
-1a
In base 8, what is -2 + -66?
-70
In base 13, what is 24 + 2?
26
In base 16, what is -3 + -2d?
-30
In base 9, what is 22 - 6?
15
In base 2, what is 1001001 - -1?
1001010
In base 3, what is 10112 - -1?
10120
In base 10, what is -3 - -52?
49
In base 9, what is 2706 - 2?
2704
In base 11, what is -5 - -37?
32
In base 7, what is 5 + 16?
24
In base 11, what is -14 + -24?
-38
In base 7, what is 34 - -16?
53
In base 9, what is 218 + -4?
214
In base 8, what is 265 + -4?
261
In base 10, what is 36 + 10?
46
In base 5, what is -113 + -2300?
-2413
In base 12, what is 73 - -13?
86
In base 11, what is -14 - -42?
29
In base 3, what is -2211 - -12?
-2122
In base 9, what is -44 + -2?
-46
In base 3, what is 211 + -20022?
-12111
In base 3, what is -11122012 + -10?
-11122022
In base 4, what is 112 - 112?
0
In base 8, what is -23 - -14?
-7
In base 2, what is 11 - 100011?
-100000
In base 3, what is -112210 + -1001?
-120211
In base 7, what is -213 - -45?
-135
In base 6, what is 4 - -312?
320
In base 2, what is -11 - -10101000100?
10101000001
In base 10, what is 2 - -249?
251
In base 6, what is -2 - 3341?
-3343
In base 7, what is -13135 - -3?
-13132
In base 3, what is -12 - 2?
-21
In base 9, what is -5 - -66?
61
In base 6, what is -10545 + 1?
-10544
In base 4, what is 2 + 233?
301
In base 4, what is 23 + 12230?
12313
In base 12, what is 1 + 76?
77
In base 6, what is 3 + -33?
-30
In base 15, what is 1a - c4?
-a9
In base 12, what is -6 - -94?
8a
In base 2, what is -111 + 11?
-100
In base 13, what is -a - 9b?
-a8
In base 5, what is -2333 - 221?
-3104
In base 10, what is 1 - 36?
-35
In base 11, what is -5 - 80?
-85
In base 2, what is 100010 - -10?
100100
In base 6, what is 1134 - 2?
1132
In base 6, what is -344 + -242?
-1030
In base 2, what is -11000 - 1011?
-100011
In base 16, what is 9 - e4?
-db
In base 16, what is 1e + 5?
23
In base 15, what is -10 + 0?
-10
In base 4, what is 102 - -22?
130
In base 11, what is -80 + 5?
-76
In base 9, what is 2514 + -4?
2510
In base 6, what is -2 + -4155?
-4201
In base 6, what is 122 - -140?
302
In base 2, what is -11 - -1001001?
1000110
In base 13, what is -4 - 6b?
-72
In base 2, what is -1011 + -101000?
-110011
In base 4, what is -10 + 123222?
123212
In base 6, what is 24 + -105?
-41
In base 9, what is 87 - 2?
85
In base 6, what is 5 + -332?
-323
In base 5, what is -211 - 1?
-212
In base 6, what is 522 - 15?
503
In base 7, what is 1411 + 2?
1413
In base 5, what is 3 + 330?
333
In base 3, what is 211 - -110?
1021
In base 5, what is -240 - 10?
-300
In base 8, what is 3617 + -5?
3612
In base 10, what is 35 - -40?
75
In base 12, what is 2 + -31?
-2b
In base 13, what is -7 - -129?
122
In base 7, what is -1 + 166?
165
In base 14, what is -1 + 40c?
40b
In base 5, what is 112342 - 0?
112342
In base 4, what is 10 - 10231?
-10221
In base 5, what is 412 - 4?
403
In base 10, what is 0 + -600?
-600
In base 5, what is 303 - -1222?
2030
In base 10, what is 298 + 0?
298
In base 9, what is 11 + 4?
15
In base 16, what is -1 + 8b2?
8b1
In base 5, what is 343 - 12?
331
In base 6, what is -5023 + 10?
-5013
I